{"id":5989,"date":"2024-10-16T15:11:39","date_gmt":"2024-10-16T13:11:39","guid":{"rendered":"https:\/\/cnt-prod-etape-touloise.gibraltaz.com\/location\/mobilheim-macaron\/"},"modified":"2025-04-01T14:26:03","modified_gmt":"2025-04-01T12:26:03","slug":"mobilheim-macaron","status":"publish","type":"location","link":"https:\/\/www.campingvilleylesec.fr\/de\/location\/mobilheim-macaron\/","title":{"rendered":"Mobilheim Macaron"},"content":{"rendered":"\n<h3 class=\"wp-block-heading\">Die Ausstattung<\/h3>\n\n<p>Das Mobilheim Macaron ist wie alle Mobilheime mit Geschirr, T\u00f6pfen und Pfannen, einem K\u00fchlschrank mit Gefrierfach, 4 Gaskochstellen, einer Filterkaffeemaschine, einer Mikrowelle und einem Fernseher ausgestattet. Das Team des Campingplatzes stellt Ihnen ein Willkommenspaket zur Verf\u00fcgung, das eine Portion Sp\u00fclmittel, eine Portion Haushaltsreiniger, einen Schwamm, einen M\u00fcllbeutel und eine Rolle Toilettenpapier enth\u00e4lt. <\/p>\n\n<h3 class=\"wp-block-heading\">Au\u00dfengestaltung<\/h3>\n\n<p>Genie\u00dfen Sie mit dem Mobilheim Macaron eine \u00fcberdachte Terrasse mit Gartenm\u00f6beln und einen Parkplatz f\u00fcr Ihr Fahrzeug.<\/p>\n\n<h3 class=\"wp-block-heading\">Die anderen +<\/h3>\n\n<p>Das Mobilheim verf\u00fcgt \u00fcber eine Heizung und eine Klimaanlage, um Ihnen maximalen Komfort zu garantieren.<\/p>\n\n<p>Jedes Mobilheim verf\u00fcgt \u00fcber ein Duschbad (Badematte vorhanden) und ein separates WC.<\/p>\n\n<p>Die Betten sind mit Kopfkissen, Bettdecken und zus\u00e4tzlichen Decken ausgestattet. Wir machen Ihre Betten vor Ihrer Ankunft, daher ist es wichtig, dass Sie alle Informationen bei der Buchung angeben. <\/p>\n\n<p><\/p>\n","protected":false},"featured_media":0,"template":"","meta":{"_acf_changed":false,"site-sidebar-layout":"default","site-content-layout":"","ast-site-content-layout":"","site-content-style":"default","site-sidebar-style":"default","ast-global-header-display":"","ast-banner-title-visibility":"","ast-main-header-display":"","ast-hfb-above-header-display":"","ast-hfb-below-header-display":"","ast-hfb-mobile-header-display":"","site-post-title":"","ast-breadcrumbs-content":"","ast-featured-img":"","footer-sml-layout":"","ast-disable-related-posts":"","theme-transparent-header-meta":"","adv-header-id-meta":"","stick-header-meta":"","header-above-stick-meta":"","header-main-stick-meta":"","header-below-stick-meta":"","astra-migrate-meta-layouts":"default","ast-page-background-enabled":"default","ast-page-background-meta":{"desktop":{"background-color":"var(--ast-global-color-4)","background-image":"","background-repeat":"repeat","background-position":"center center","background-size":"auto","background-attachment":"scroll","background-type":"","background-media":"","overlay-type":"","overlay-color":"","overlay-opacity":"","overlay-gradient":""},"tablet":{"background-color":"","background-image":"","background-repeat":"repeat","background-position":"center center","background-size":"auto","background-attachment":"scroll","background-type":"","background-media":"","overlay-type":"","overlay-color":"","overlay-opacity":"","overlay-gradient":""},"mobile":{"background-color":"","background-image":"","background-repeat":"repeat","background-position":"center center","background-size":"auto","background-attachment":"scroll","background-type":"","background-media":"","overlay-type":"","overlay-color":"","overlay-opacity":"","overlay-gradient":""}},"ast-content-background-meta":{"desktop":{"background-color":"var(--ast-global-color-5)","background-image":"","background-repeat":"repeat","background-position":"center center","background-size":"auto","background-attachment":"scroll","background-type":"","background-media":"","overlay-type":"","overlay-color":"","overlay-opacity":"","overlay-gradient":""},"tablet":{"background-color":"var(--ast-global-color-5)","background-image":"","background-repeat":"repeat","background-position":"center center","background-size":"auto","background-attachment":"scroll","background-type":"","background-media":"","overlay-type":"","overlay-color":"","overlay-opacity":"","overlay-gradient":""},"mobile":{"background-color":"var(--ast-global-color-5)","background-image":"","background-repeat":"repeat","background-position":"center center","background-size":"auto","background-attachment":"scroll","background-type":"","background-media":"","overlay-type":"","overlay-color":"","overlay-opacity":"","overlay-gradient":""}}},"categorie-location":[67],"etiquette_location":[69],"class_list":["post-5989","location","type-location","status-publish","hentry","categorie-location-mobilheim","etiquette_location-4-personen"],"acf":[],"yoast_head":"<!-- This site is optimized with the Yoast SEO plugin v26.6 - https:\/\/yoast.com\/wordpress\/plugins\/seo\/ -->\n<title>Mobilheim Macaron - Camping de Villey-le-Sec<\/title>\n<meta name=\"description\" content=\"Verbringen Sie einen naturnahen Urlaub auf dem Campingplatz Villey-le-Sec im Mobilheim Macaron f\u00fcr 4 Personen!\" \/>\n<meta name=\"robots\" content=\"index, follow, max-snippet:-1, max-image-preview:large, max-video-preview:-1\" \/>\n<link rel=\"canonical\" href=\"https:\/\/www.campingvilleylesec.fr\/de\/location\/mobilheim-macaron\/\" \/>\n<meta property=\"og:locale\" content=\"de_DE\" \/>\n<meta property=\"og:type\" content=\"article\" \/>\n<meta property=\"og:title\" content=\"Mobilheim Macaron - Camping de Villey-le-Sec\" \/>\n<meta property=\"og:description\" content=\"Verbringen Sie einen naturnahen Urlaub auf dem Campingplatz Villey-le-Sec im Mobilheim Macaron f\u00fcr 4 Personen!\" \/>\n<meta property=\"og:url\" content=\"https:\/\/www.campingvilleylesec.fr\/de\/location\/mobilheim-macaron\/\" \/>\n<meta property=\"og:site_name\" content=\"Camping de Villey-le-Sec\" \/>\n<meta property=\"article:publisher\" content=\"https:\/\/www.facebook.com\/campingVilleyleSec54\" \/>\n<meta property=\"article:modified_time\" content=\"2025-04-01T12:26:03+00:00\" \/>\n<meta name=\"twitter:card\" content=\"summary_large_image\" \/>\n<meta name=\"twitter:label1\" content=\"Gesch\u00e4tzte Lesezeit\" \/>\n\t<meta name=\"twitter:data1\" content=\"1\u00a0Minute\" \/>\n<script type=\"application\/ld+json\" class=\"yoast-schema-graph\">{\"@context\":\"https:\/\/schema.org\",\"@graph\":[{\"@type\":\"WebPage\",\"@id\":\"https:\/\/www.campingvilleylesec.fr\/de\/location\/mobilheim-macaron\/\",\"url\":\"https:\/\/www.campingvilleylesec.fr\/de\/location\/mobilheim-macaron\/\",\"name\":\"Mobilheim Macaron - Camping de Villey-le-Sec\",\"isPartOf\":{\"@id\":\"https:\/\/www.campingvilleylesec.fr\/de\/#website\"},\"datePublished\":\"2024-10-16T13:11:39+00:00\",\"dateModified\":\"2025-04-01T12:26:03+00:00\",\"description\":\"Verbringen Sie einen naturnahen Urlaub auf dem Campingplatz Villey-le-Sec im Mobilheim Macaron f\u00fcr 4 Personen!\",\"breadcrumb\":{\"@id\":\"https:\/\/www.campingvilleylesec.fr\/de\/location\/mobilheim-macaron\/#breadcrumb\"},\"inLanguage\":\"de\",\"potentialAction\":[{\"@type\":\"ReadAction\",\"target\":[\"https:\/\/www.campingvilleylesec.fr\/de\/location\/mobilheim-macaron\/\"]}]},{\"@type\":\"BreadcrumbList\",\"@id\":\"https:\/\/www.campingvilleylesec.fr\/de\/location\/mobilheim-macaron\/#breadcrumb\",\"itemListElement\":[{\"@type\":\"ListItem\",\"position\":1,\"name\":\"Accueil\",\"item\":\"https:\/\/www.campingvilleylesec.fr\/de\/campingplatz-de-villey-le-sec\/\"},{\"@type\":\"ListItem\",\"position\":2,\"name\":\"Mobilheim Macaron\"}]},{\"@type\":\"WebSite\",\"@id\":\"https:\/\/www.campingvilleylesec.fr\/de\/#website\",\"url\":\"https:\/\/www.campingvilleylesec.fr\/de\/\",\"name\":\"Camping de Villey-le-Sec\",\"description\":\"\",\"publisher\":{\"@id\":\"https:\/\/www.campingvilleylesec.fr\/de\/#organization\"},\"potentialAction\":[{\"@type\":\"SearchAction\",\"target\":{\"@type\":\"EntryPoint\",\"urlTemplate\":\"https:\/\/www.campingvilleylesec.fr\/de\/?s={search_term_string}\"},\"query-input\":{\"@type\":\"PropertyValueSpecification\",\"valueRequired\":true,\"valueName\":\"search_term_string\"}}],\"inLanguage\":\"de\"},{\"@type\":\"Organization\",\"@id\":\"https:\/\/www.campingvilleylesec.fr\/de\/#organization\",\"name\":\"Camping de Villey-le-Sec\",\"url\":\"https:\/\/www.campingvilleylesec.fr\/de\/\",\"logo\":{\"@type\":\"ImageObject\",\"inLanguage\":\"de\",\"@id\":\"https:\/\/www.campingvilleylesec.fr\/de\/#\/schema\/logo\/image\/\",\"url\":\"https:\/\/www.campingvilleylesec.fr\/wp-content\/uploads\/2024\/12\/cropped-camping-villey-le-sec-logo-CMJN-1.png\",\"contentUrl\":\"https:\/\/www.campingvilleylesec.fr\/wp-content\/uploads\/2024\/12\/cropped-camping-villey-le-sec-logo-CMJN-1.png\",\"width\":900,\"height\":382,\"caption\":\"Camping de Villey-le-Sec\"},\"image\":{\"@id\":\"https:\/\/www.campingvilleylesec.fr\/de\/#\/schema\/logo\/image\/\"},\"sameAs\":[\"https:\/\/www.facebook.com\/campingVilleyleSec54\",\"https:\/\/www.instagram.com\/campingvilleylesec\/\"]}]}<\/script>\n<!-- \/ Yoast SEO plugin. -->","yoast_head_json":{"title":"Mobilheim Macaron - Camping de Villey-le-Sec","description":"Verbringen Sie einen naturnahen Urlaub auf dem Campingplatz Villey-le-Sec im Mobilheim Macaron f\u00fcr 4 Personen!","robots":{"index":"index","follow":"follow","max-snippet":"max-snippet:-1","max-image-preview":"max-image-preview:large","max-video-preview":"max-video-preview:-1"},"canonical":"https:\/\/www.campingvilleylesec.fr\/de\/location\/mobilheim-macaron\/","og_locale":"de_DE","og_type":"article","og_title":"Mobilheim Macaron - Camping de Villey-le-Sec","og_description":"Verbringen Sie einen naturnahen Urlaub auf dem Campingplatz Villey-le-Sec im Mobilheim Macaron f\u00fcr 4 Personen!","og_url":"https:\/\/www.campingvilleylesec.fr\/de\/location\/mobilheim-macaron\/","og_site_name":"Camping de Villey-le-Sec","article_publisher":"https:\/\/www.facebook.com\/campingVilleyleSec54","article_modified_time":"2025-04-01T12:26:03+00:00","twitter_card":"summary_large_image","twitter_misc":{"Gesch\u00e4tzte Lesezeit":"1\u00a0Minute"},"schema":{"@context":"https:\/\/schema.org","@graph":[{"@type":"WebPage","@id":"https:\/\/www.campingvilleylesec.fr\/de\/location\/mobilheim-macaron\/","url":"https:\/\/www.campingvilleylesec.fr\/de\/location\/mobilheim-macaron\/","name":"Mobilheim Macaron - Camping de Villey-le-Sec","isPartOf":{"@id":"https:\/\/www.campingvilleylesec.fr\/de\/#website"},"datePublished":"2024-10-16T13:11:39+00:00","dateModified":"2025-04-01T12:26:03+00:00","description":"Verbringen Sie einen naturnahen Urlaub auf dem Campingplatz Villey-le-Sec im Mobilheim Macaron f\u00fcr 4 Personen!","breadcrumb":{"@id":"https:\/\/www.campingvilleylesec.fr\/de\/location\/mobilheim-macaron\/#breadcrumb"},"inLanguage":"de","potentialAction":[{"@type":"ReadAction","target":["https:\/\/www.campingvilleylesec.fr\/de\/location\/mobilheim-macaron\/"]}]},{"@type":"BreadcrumbList","@id":"https:\/\/www.campingvilleylesec.fr\/de\/location\/mobilheim-macaron\/#breadcrumb","itemListElement":[{"@type":"ListItem","position":1,"name":"Accueil","item":"https:\/\/www.campingvilleylesec.fr\/de\/campingplatz-de-villey-le-sec\/"},{"@type":"ListItem","position":2,"name":"Mobilheim Macaron"}]},{"@type":"WebSite","@id":"https:\/\/www.campingvilleylesec.fr\/de\/#website","url":"https:\/\/www.campingvilleylesec.fr\/de\/","name":"Camping de Villey-le-Sec","description":"","publisher":{"@id":"https:\/\/www.campingvilleylesec.fr\/de\/#organization"},"potentialAction":[{"@type":"SearchAction","target":{"@type":"EntryPoint","urlTemplate":"https:\/\/www.campingvilleylesec.fr\/de\/?s={search_term_string}"},"query-input":{"@type":"PropertyValueSpecification","valueRequired":true,"valueName":"search_term_string"}}],"inLanguage":"de"},{"@type":"Organization","@id":"https:\/\/www.campingvilleylesec.fr\/de\/#organization","name":"Camping de Villey-le-Sec","url":"https:\/\/www.campingvilleylesec.fr\/de\/","logo":{"@type":"ImageObject","inLanguage":"de","@id":"https:\/\/www.campingvilleylesec.fr\/de\/#\/schema\/logo\/image\/","url":"https:\/\/www.campingvilleylesec.fr\/wp-content\/uploads\/2024\/12\/cropped-camping-villey-le-sec-logo-CMJN-1.png","contentUrl":"https:\/\/www.campingvilleylesec.fr\/wp-content\/uploads\/2024\/12\/cropped-camping-villey-le-sec-logo-CMJN-1.png","width":900,"height":382,"caption":"Camping de Villey-le-Sec"},"image":{"@id":"https:\/\/www.campingvilleylesec.fr\/de\/#\/schema\/logo\/image\/"},"sameAs":["https:\/\/www.facebook.com\/campingVilleyleSec54","https:\/\/www.instagram.com\/campingvilleylesec\/"]}]}},"_links":{"self":[{"href":"https:\/\/www.campingvilleylesec.fr\/de\/wp-json\/wp\/v2\/location\/5989","targetHints":{"allow":["GET"]}}],"collection":[{"href":"https:\/\/www.campingvilleylesec.fr\/de\/wp-json\/wp\/v2\/location"}],"about":[{"href":"https:\/\/www.campingvilleylesec.fr\/de\/wp-json\/wp\/v2\/types\/location"}],"version-history":[{"count":0,"href":"https:\/\/www.campingvilleylesec.fr\/de\/wp-json\/wp\/v2\/location\/5989\/revisions"}],"wp:attachment":[{"href":"https:\/\/www.campingvilleylesec.fr\/de\/wp-json\/wp\/v2\/media?parent=5989"}],"wp:term":[{"taxonomy":"categorie-location","embeddable":true,"href":"https:\/\/www.campingvilleylesec.fr\/de\/wp-json\/wp\/v2\/categorie-location?post=5989"},{"taxonomy":"etiquette_location","embeddable":true,"href":"https:\/\/www.campingvilleylesec.fr\/de\/wp-json\/wp\/v2\/etiquette_location?post=5989"}],"curies":[{"name":"wp","href":"https:\/\/api.w.org\/{rel}","templated":true}]}}

<h3 class="wp-block-heading">Die Ausstattung</h3>

<p>Das Mobilheim Macaron ist wie alle Mobilheime mit Geschirr, Töpfen und Pfannen, einem Kühlschrank mit Gefrierfach, 4 Gaskochstellen, einer Filterkaffeemaschine, einer Mikrowelle und einem Fernseher ausgestattet. Das Team des Campingplatzes stellt Ihnen ein Willkommenspaket zur Verfügung, das eine Portion Spülmittel, eine Portion Haushaltsreiniger, einen Schwamm, einen Müllbeutel und eine Rolle Toilettenpapier enthält. </p>

<h3 class="wp-block-heading">Außengestaltung</h3>

<p>Genießen Sie mit dem Mobilheim Macaron eine überdachte Terrasse mit Gartenmöbeln und einen Parkplatz für Ihr Fahrzeug.</p>

<h3 class="wp-block-heading">Die anderen +</h3>

<p>Das Mobilheim verfügt über eine Heizung und eine Klimaanlage, um Ihnen maximalen Komfort zu garantieren.</p>

<p>Jedes Mobilheim verfügt über ein Duschbad (Badematte vorhanden) und ein separates WC.</p>

<p>Die Betten sind mit Kopfkissen, Bettdecken und zusätzlichen Decken ausgestattet. Wir machen Ihre Betten vor Ihrer Ankunft, daher ist es wichtig, dass Sie alle Informationen bei der Buchung angeben. </p>

<p></p>

<!-- This site is optimized with the Yoast SEO plugin v26.6 - https://yoast.com/wordpress/plugins/seo/ -->
<title>Mobilheim Macaron - Camping de Villey-le-Sec</title>
<meta name="description" content="Verbringen Sie einen naturnahen Urlaub auf dem Campingplatz Villey-le-Sec im Mobilheim Macaron für 4 Personen!" />
<meta name="robots" content="index, follow, max-snippet:-1, max-image-preview:large, max-video-preview:-1" />
<link rel="canonical" href="https://www.campingvilleylesec.fr/de/location/mobilheim-macaron/" />
<meta property="og:locale" content="de_DE" />
<meta property="og:type" content="article" />
<meta property="og:title" content="Mobilheim Macaron - Camping de Villey-le-Sec" />
<meta property="og:description" content="Verbringen Sie einen naturnahen Urlaub auf dem Campingplatz Villey-le-Sec im Mobilheim Macaron für 4 Personen!" />
<meta property="og:url" content="https://www.campingvilleylesec.fr/de/location/mobilheim-macaron/" />
<meta property="og:site_name" content="Camping de Villey-le-Sec" />
<meta property="article:publisher" content="https://www.facebook.com/campingVilleyleSec54" />
<meta property="article:modified_time" content="2025-04-01T12:26:03+00:00" />
<meta name="twitter:card" content="summary_large_image" />
<meta name="twitter:label1" content="Geschätzte Lesezeit" />
	<meta name="twitter:data1" content="1 Minute" />
<script type="application/ld+json" class="yoast-schema-graph">{"@context":"https://schema.org","@graph":[{"@type":"WebPage","@id":"https://www.campingvilleylesec.fr/de/location/mobilheim-macaron/","url":"https://www.campingvilleylesec.fr/de/location/mobilheim-macaron/","name":"Mobilheim Macaron - Camping de Villey-le-Sec","isPartOf":{"@id":"https://www.campingvilleylesec.fr/de/#website"},"datePublished":"2024-10-16T13:11:39+00:00","dateModified":"2025-04-01T12:26:03+00:00","description":"Verbringen Sie einen naturnahen Urlaub auf dem Campingplatz Villey-le-Sec im Mobilheim Macaron für 4 Personen!","breadcrumb":{"@id":"https://www.campingvilleylesec.fr/de/location/mobilheim-macaron/#breadcrumb"},"inLanguage":"de","potentialAction":[{"@type":"ReadAction","target":["https://www.campingvilleylesec.fr/de/location/mobilheim-macaron/"]}]},{"@type":"BreadcrumbList","@id":"https://www.campingvilleylesec.fr/de/location/mobilheim-macaron/#breadcrumb","itemListElement":[{"@type":"ListItem","position":1,"name":"Accueil","item":"https://www.campingvilleylesec.fr/de/campingplatz-de-villey-le-sec/"},{"@type":"ListItem","position":2,"name":"Mobilheim Macaron"}]},{"@type":"WebSite","@id":"https://www.campingvilleylesec.fr/de/#website","url":"https://www.campingvilleylesec.fr/de/","name":"Camping de Villey-le-Sec","description":"","publisher":{"@id":"https://www.campingvilleylesec.fr/de/#organization"},"potentialAction":[{"@type":"SearchAction","target":{"@type":"EntryPoint","urlTemplate":"https://www.campingvilleylesec.fr/de/?s={search_term_string}"},"query-input":{"@type":"PropertyValueSpecification","valueRequired":true,"valueName":"search_term_string"}}],"inLanguage":"de"},{"@type":"Organization","@id":"https://www.campingvilleylesec.fr/de/#organization","name":"Camping de Villey-le-Sec","url":"https://www.campingvilleylesec.fr/de/","logo":{"@type":"ImageObject","inLanguage":"de","@id":"https://www.campingvilleylesec.fr/de/#/schema/logo/image/","url":"https://www.campingvilleylesec.fr/wp-content/uploads/2024/12/cropped-camping-villey-le-sec-logo-CMJN-1.png","contentUrl":"https://www.campingvilleylesec.fr/wp-content/uploads/2024/12/cropped-camping-villey-le-sec-logo-CMJN-1.png","width":900,"height":382,"caption":"Camping de Villey-le-Sec"},"image":{"@id":"https://www.campingvilleylesec.fr/de/#/schema/logo/image/"},"sameAs":["https://www.facebook.com/campingVilleyleSec54","https://www.instagram.com/campingvilleylesec/"]}]}</script>
<!-- / Yoast SEO plugin. -->

Verbringen Sie einen naturnahen Urlaub auf dem Campingplatz Villey-le-Sec im Mobilheim Macaron für 4 Personen!
