{"id":5994,"date":"2024-10-17T15:47:40","date_gmt":"2024-10-17T13:47:40","guid":{"rendered":"https:\/\/cnt-prod-etape-touloise.gibraltaz.com\/location\/bivouac-zelt\/"},"modified":"2025-06-05T19:18:59","modified_gmt":"2025-06-05T17:18:59","slug":"bivouac-zelt","status":"publish","type":"location","link":"https:\/\/www.campingvilleylesec.fr\/de\/location\/bivouac-zelt\/","title":{"rendered":"Bivouac-Zelt"},"content":{"rendered":"\n<h3 class=\"wp-block-heading\">Das Bivouac-Zelt<\/h3>\n\n<p>Das Bivouac-Zelt ist f\u00fcr zwei Personen geeignet. Es verf\u00fcgt \u00fcber zwei 70\u00d7190 cm gro\u00dfe Matratzen. <\/p>\n\n<p>Hunde sind im Bivouac-Zelt nicht erlaubt.<\/p>\n\n<h3 class=\"wp-block-heading\">Die Optionen<\/h3>\n\n<p>Es ist m\u00f6glich, Bettdecken und Decken zu mieten, wenn Sie keinen eigenen Schlafsack haben. Diese Option kostet \u20ac 15 f\u00fcr den gesamten Aufenthalt. <\/p>\n\n<p>Strom ist im Bivouac-Zelt nicht verf\u00fcgbar, aber Sie k\u00f6nnen ihn im nahegelegenen Sanit\u00e4rgeb\u00e4ude aufladen (gegen Geb\u00fchr).<\/p>\n\n<p><\/p>\n","protected":false},"featured_media":721,"template":"","meta":{"_acf_changed":false,"site-sidebar-layout":"default","site-content-layout":"","ast-site-content-layout":"","site-content-style":"default","site-sidebar-style":"default","ast-global-header-display":"","ast-banner-title-visibility":"","ast-main-header-display":"","ast-hfb-above-header-display":"","ast-hfb-below-header-display":"","ast-hfb-mobile-header-display":"","site-post-title":"","ast-breadcrumbs-content":"","ast-featured-img":"","footer-sml-layout":"","ast-disable-related-posts":"","theme-transparent-header-meta":"","adv-header-id-meta":"","stick-header-meta":"","header-above-stick-meta":"","header-main-stick-meta":"","header-below-stick-meta":"","astra-migrate-meta-layouts":"default","ast-page-background-enabled":"default","ast-page-background-meta":{"desktop":{"background-color":"var(--ast-global-color-4)","background-image":"","background-repeat":"repeat","background-position":"center center","background-size":"auto","background-attachment":"scroll","background-type":"","background-media":"","overlay-type":"","overlay-color":"","overlay-opacity":"","overlay-gradient":""},"tablet":{"background-color":"","background-image":"","background-repeat":"repeat","background-position":"center center","background-size":"auto","background-attachment":"scroll","background-type":"","background-media":"","overlay-type":"","overlay-color":"","overlay-opacity":"","overlay-gradient":""},"mobile":{"background-color":"","background-image":"","background-repeat":"repeat","background-position":"center center","background-size":"auto","background-attachment":"scroll","background-type":"","background-media":"","overlay-type":"","overlay-color":"","overlay-opacity":"","overlay-gradient":""}},"ast-content-background-meta":{"desktop":{"background-color":"var(--ast-global-color-5)","background-image":"","background-repeat":"repeat","background-position":"center center","background-size":"auto","background-attachment":"scroll","background-type":"","background-media":"","overlay-type":"","overlay-color":"","overlay-opacity":"","overlay-gradient":""},"tablet":{"background-color":"var(--ast-global-color-5)","background-image":"","background-repeat":"repeat","background-position":"center center","background-size":"auto","background-attachment":"scroll","background-type":"","background-media":"","overlay-type":"","overlay-color":"","overlay-opacity":"","overlay-gradient":""},"mobile":{"background-color":"var(--ast-global-color-5)","background-image":"","background-repeat":"repeat","background-position":"center center","background-size":"auto","background-attachment":"scroll","background-type":"","background-media":"","overlay-type":"","overlay-color":"","overlay-opacity":"","overlay-gradient":""}}},"categorie-location":[65],"etiquette_location":[66],"class_list":["post-5994","location","type-location","status-publish","has-post-thumbnail","hentry","categorie-location-zelt","etiquette_location-2-personen"],"acf":[],"yoast_head":"<!-- This site is optimized with the Yoast SEO plugin v26.6 - https:\/\/yoast.com\/wordpress\/plugins\/seo\/ -->\n<title>Bivouac-Zelt - Camping de Villey-le-Sec<\/title>\n<meta name=\"description\" content=\"\u00dcbernachten Sie inmitten der Natur auf dem Campingplatz Villey-le-Sec im Biwak-Zelt f\u00fcr 2 Personen mit Blick auf die Mosel!\" \/>\n<meta name=\"robots\" content=\"index, follow, max-snippet:-1, max-image-preview:large, max-video-preview:-1\" \/>\n<link rel=\"canonical\" href=\"https:\/\/www.campingvilleylesec.fr\/de\/location\/bivouac-zelt\/\" \/>\n<meta property=\"og:locale\" content=\"de_DE\" \/>\n<meta property=\"og:type\" content=\"article\" \/>\n<meta property=\"og:title\" content=\"Bivouac-Zelt - Camping de Villey-le-Sec\" \/>\n<meta property=\"og:description\" content=\"\u00dcbernachten Sie inmitten der Natur auf dem Campingplatz Villey-le-Sec im Biwak-Zelt f\u00fcr 2 Personen mit Blick auf die Mosel!\" \/>\n<meta property=\"og:url\" content=\"https:\/\/www.campingvilleylesec.fr\/de\/location\/bivouac-zelt\/\" \/>\n<meta property=\"og:site_name\" content=\"Camping de Villey-le-Sec\" \/>\n<meta property=\"article:publisher\" content=\"https:\/\/www.facebook.com\/campingVilleyleSec54\" \/>\n<meta property=\"article:modified_time\" content=\"2025-06-05T17:18:59+00:00\" \/>\n<meta property=\"og:image\" content=\"https:\/\/www.campingvilleylesec.fr\/wp-content\/uploads\/2024\/10\/tente-bivouac-villey.jpg\" \/>\n\t<meta property=\"og:image:width\" content=\"683\" \/>\n\t<meta property=\"og:image:height\" content=\"1024\" \/>\n\t<meta property=\"og:image:type\" content=\"image\/jpeg\" \/>\n<meta name=\"twitter:card\" content=\"summary_large_image\" \/>\n<script type=\"application\/ld+json\" class=\"yoast-schema-graph\">{\"@context\":\"https:\/\/schema.org\",\"@graph\":[{\"@type\":\"WebPage\",\"@id\":\"https:\/\/www.campingvilleylesec.fr\/de\/location\/bivouac-zelt\/\",\"url\":\"https:\/\/www.campingvilleylesec.fr\/de\/location\/bivouac-zelt\/\",\"name\":\"Bivouac-Zelt - Camping de Villey-le-Sec\",\"isPartOf\":{\"@id\":\"https:\/\/www.campingvilleylesec.fr\/de\/#website\"},\"primaryImageOfPage\":{\"@id\":\"https:\/\/www.campingvilleylesec.fr\/de\/location\/bivouac-zelt\/#primaryimage\"},\"image\":{\"@id\":\"https:\/\/www.campingvilleylesec.fr\/de\/location\/bivouac-zelt\/#primaryimage\"},\"thumbnailUrl\":\"https:\/\/www.campingvilleylesec.fr\/wp-content\/uploads\/2024\/10\/tente-bivouac-villey.jpg\",\"datePublished\":\"2024-10-17T13:47:40+00:00\",\"dateModified\":\"2025-06-05T17:18:59+00:00\",\"description\":\"\u00dcbernachten Sie inmitten der Natur auf dem Campingplatz Villey-le-Sec im Biwak-Zelt f\u00fcr 2 Personen mit Blick auf die Mosel!\",\"breadcrumb\":{\"@id\":\"https:\/\/www.campingvilleylesec.fr\/de\/location\/bivouac-zelt\/#breadcrumb\"},\"inLanguage\":\"de\",\"potentialAction\":[{\"@type\":\"ReadAction\",\"target\":[\"https:\/\/www.campingvilleylesec.fr\/de\/location\/bivouac-zelt\/\"]}]},{\"@type\":\"ImageObject\",\"inLanguage\":\"de\",\"@id\":\"https:\/\/www.campingvilleylesec.fr\/de\/location\/bivouac-zelt\/#primaryimage\",\"url\":\"https:\/\/www.campingvilleylesec.fr\/wp-content\/uploads\/2024\/10\/tente-bivouac-villey.jpg\",\"contentUrl\":\"https:\/\/www.campingvilleylesec.fr\/wp-content\/uploads\/2024\/10\/tente-bivouac-villey.jpg\",\"width\":683,\"height\":1024,\"caption\":\"zelt bivouac auf dem Campingplatz villey-le-sec\"},{\"@type\":\"BreadcrumbList\",\"@id\":\"https:\/\/www.campingvilleylesec.fr\/de\/location\/bivouac-zelt\/#breadcrumb\",\"itemListElement\":[{\"@type\":\"ListItem\",\"position\":1,\"name\":\"Accueil\",\"item\":\"https:\/\/www.campingvilleylesec.fr\/de\/campingplatz-de-villey-le-sec\/\"},{\"@type\":\"ListItem\",\"position\":2,\"name\":\"Bivouac-Zelt\"}]},{\"@type\":\"WebSite\",\"@id\":\"https:\/\/www.campingvilleylesec.fr\/de\/#website\",\"url\":\"https:\/\/www.campingvilleylesec.fr\/de\/\",\"name\":\"Camping de Villey-le-Sec\",\"description\":\"\",\"publisher\":{\"@id\":\"https:\/\/www.campingvilleylesec.fr\/de\/#organization\"},\"potentialAction\":[{\"@type\":\"SearchAction\",\"target\":{\"@type\":\"EntryPoint\",\"urlTemplate\":\"https:\/\/www.campingvilleylesec.fr\/de\/?s={search_term_string}\"},\"query-input\":{\"@type\":\"PropertyValueSpecification\",\"valueRequired\":true,\"valueName\":\"search_term_string\"}}],\"inLanguage\":\"de\"},{\"@type\":\"Organization\",\"@id\":\"https:\/\/www.campingvilleylesec.fr\/de\/#organization\",\"name\":\"Camping de Villey-le-Sec\",\"url\":\"https:\/\/www.campingvilleylesec.fr\/de\/\",\"logo\":{\"@type\":\"ImageObject\",\"inLanguage\":\"de\",\"@id\":\"https:\/\/www.campingvilleylesec.fr\/de\/#\/schema\/logo\/image\/\",\"url\":\"https:\/\/www.campingvilleylesec.fr\/wp-content\/uploads\/2024\/12\/cropped-camping-villey-le-sec-logo-CMJN-1.png\",\"contentUrl\":\"https:\/\/www.campingvilleylesec.fr\/wp-content\/uploads\/2024\/12\/cropped-camping-villey-le-sec-logo-CMJN-1.png\",\"width\":900,\"height\":382,\"caption\":\"Camping de Villey-le-Sec\"},\"image\":{\"@id\":\"https:\/\/www.campingvilleylesec.fr\/de\/#\/schema\/logo\/image\/\"},\"sameAs\":[\"https:\/\/www.facebook.com\/campingVilleyleSec54\",\"https:\/\/www.instagram.com\/campingvilleylesec\/\"]}]}<\/script>\n<!-- \/ Yoast SEO plugin. -->","yoast_head_json":{"title":"Bivouac-Zelt - Camping de Villey-le-Sec","description":"\u00dcbernachten Sie inmitten der Natur auf dem Campingplatz Villey-le-Sec im Biwak-Zelt f\u00fcr 2 Personen mit Blick auf die Mosel!","robots":{"index":"index","follow":"follow","max-snippet":"max-snippet:-1","max-image-preview":"max-image-preview:large","max-video-preview":"max-video-preview:-1"},"canonical":"https:\/\/www.campingvilleylesec.fr\/de\/location\/bivouac-zelt\/","og_locale":"de_DE","og_type":"article","og_title":"Bivouac-Zelt - Camping de Villey-le-Sec","og_description":"\u00dcbernachten Sie inmitten der Natur auf dem Campingplatz Villey-le-Sec im Biwak-Zelt f\u00fcr 2 Personen mit Blick auf die Mosel!","og_url":"https:\/\/www.campingvilleylesec.fr\/de\/location\/bivouac-zelt\/","og_site_name":"Camping de Villey-le-Sec","article_publisher":"https:\/\/www.facebook.com\/campingVilleyleSec54","article_modified_time":"2025-06-05T17:18:59+00:00","og_image":[{"width":683,"height":1024,"url":"https:\/\/www.campingvilleylesec.fr\/wp-content\/uploads\/2024\/10\/tente-bivouac-villey.jpg","type":"image\/jpeg"}],"twitter_card":"summary_large_image","schema":{"@context":"https:\/\/schema.org","@graph":[{"@type":"WebPage","@id":"https:\/\/www.campingvilleylesec.fr\/de\/location\/bivouac-zelt\/","url":"https:\/\/www.campingvilleylesec.fr\/de\/location\/bivouac-zelt\/","name":"Bivouac-Zelt - Camping de Villey-le-Sec","isPartOf":{"@id":"https:\/\/www.campingvilleylesec.fr\/de\/#website"},"primaryImageOfPage":{"@id":"https:\/\/www.campingvilleylesec.fr\/de\/location\/bivouac-zelt\/#primaryimage"},"image":{"@id":"https:\/\/www.campingvilleylesec.fr\/de\/location\/bivouac-zelt\/#primaryimage"},"thumbnailUrl":"https:\/\/www.campingvilleylesec.fr\/wp-content\/uploads\/2024\/10\/tente-bivouac-villey.jpg","datePublished":"2024-10-17T13:47:40+00:00","dateModified":"2025-06-05T17:18:59+00:00","description":"\u00dcbernachten Sie inmitten der Natur auf dem Campingplatz Villey-le-Sec im Biwak-Zelt f\u00fcr 2 Personen mit Blick auf die Mosel!","breadcrumb":{"@id":"https:\/\/www.campingvilleylesec.fr\/de\/location\/bivouac-zelt\/#breadcrumb"},"inLanguage":"de","potentialAction":[{"@type":"ReadAction","target":["https:\/\/www.campingvilleylesec.fr\/de\/location\/bivouac-zelt\/"]}]},{"@type":"ImageObject","inLanguage":"de","@id":"https:\/\/www.campingvilleylesec.fr\/de\/location\/bivouac-zelt\/#primaryimage","url":"https:\/\/www.campingvilleylesec.fr\/wp-content\/uploads\/2024\/10\/tente-bivouac-villey.jpg","contentUrl":"https:\/\/www.campingvilleylesec.fr\/wp-content\/uploads\/2024\/10\/tente-bivouac-villey.jpg","width":683,"height":1024,"caption":"zelt bivouac auf dem Campingplatz villey-le-sec"},{"@type":"BreadcrumbList","@id":"https:\/\/www.campingvilleylesec.fr\/de\/location\/bivouac-zelt\/#breadcrumb","itemListElement":[{"@type":"ListItem","position":1,"name":"Accueil","item":"https:\/\/www.campingvilleylesec.fr\/de\/campingplatz-de-villey-le-sec\/"},{"@type":"ListItem","position":2,"name":"Bivouac-Zelt"}]},{"@type":"WebSite","@id":"https:\/\/www.campingvilleylesec.fr\/de\/#website","url":"https:\/\/www.campingvilleylesec.fr\/de\/","name":"Camping de Villey-le-Sec","description":"","publisher":{"@id":"https:\/\/www.campingvilleylesec.fr\/de\/#organization"},"potentialAction":[{"@type":"SearchAction","target":{"@type":"EntryPoint","urlTemplate":"https:\/\/www.campingvilleylesec.fr\/de\/?s={search_term_string}"},"query-input":{"@type":"PropertyValueSpecification","valueRequired":true,"valueName":"search_term_string"}}],"inLanguage":"de"},{"@type":"Organization","@id":"https:\/\/www.campingvilleylesec.fr\/de\/#organization","name":"Camping de Villey-le-Sec","url":"https:\/\/www.campingvilleylesec.fr\/de\/","logo":{"@type":"ImageObject","inLanguage":"de","@id":"https:\/\/www.campingvilleylesec.fr\/de\/#\/schema\/logo\/image\/","url":"https:\/\/www.campingvilleylesec.fr\/wp-content\/uploads\/2024\/12\/cropped-camping-villey-le-sec-logo-CMJN-1.png","contentUrl":"https:\/\/www.campingvilleylesec.fr\/wp-content\/uploads\/2024\/12\/cropped-camping-villey-le-sec-logo-CMJN-1.png","width":900,"height":382,"caption":"Camping de Villey-le-Sec"},"image":{"@id":"https:\/\/www.campingvilleylesec.fr\/de\/#\/schema\/logo\/image\/"},"sameAs":["https:\/\/www.facebook.com\/campingVilleyleSec54","https:\/\/www.instagram.com\/campingvilleylesec\/"]}]}},"_links":{"self":[{"href":"https:\/\/www.campingvilleylesec.fr\/de\/wp-json\/wp\/v2\/location\/5994","targetHints":{"allow":["GET"]}}],"collection":[{"href":"https:\/\/www.campingvilleylesec.fr\/de\/wp-json\/wp\/v2\/location"}],"about":[{"href":"https:\/\/www.campingvilleylesec.fr\/de\/wp-json\/wp\/v2\/types\/location"}],"version-history":[{"count":0,"href":"https:\/\/www.campingvilleylesec.fr\/de\/wp-json\/wp\/v2\/location\/5994\/revisions"}],"wp:featuredmedia":[{"embeddable":true,"href":"https:\/\/www.campingvilleylesec.fr\/de\/wp-json\/wp\/v2\/media\/721"}],"wp:attachment":[{"href":"https:\/\/www.campingvilleylesec.fr\/de\/wp-json\/wp\/v2\/media?parent=5994"}],"wp:term":[{"taxonomy":"categorie-location","embeddable":true,"href":"https:\/\/www.campingvilleylesec.fr\/de\/wp-json\/wp\/v2\/categorie-location?post=5994"},{"taxonomy":"etiquette_location","embeddable":true,"href":"https:\/\/www.campingvilleylesec.fr\/de\/wp-json\/wp\/v2\/etiquette_location?post=5994"}],"curies":[{"name":"wp","href":"https:\/\/api.w.org\/{rel}","templated":true}]}}

<h3 class="wp-block-heading">Das Bivouac-Zelt</h3>

<p>Das Bivouac-Zelt ist für zwei Personen geeignet. Es verfügt über zwei 70×190 cm große Matratzen. </p>

<p>Hunde sind im Bivouac-Zelt nicht erlaubt.</p>

<h3 class="wp-block-heading">Die Optionen</h3>

<p>Es ist möglich, Bettdecken und Decken zu mieten, wenn Sie keinen eigenen Schlafsack haben. Diese Option kostet € 15 für den gesamten Aufenthalt. </p>

<p>Strom ist im Bivouac-Zelt nicht verfügbar, aber Sie können ihn im nahegelegenen Sanitärgebäude aufladen (gegen Gebühr).</p>

<p></p>

<!-- This site is optimized with the Yoast SEO plugin v26.6 - https://yoast.com/wordpress/plugins/seo/ -->
<title>Bivouac-Zelt - Camping de Villey-le-Sec</title>
<meta name="description" content="Übernachten Sie inmitten der Natur auf dem Campingplatz Villey-le-Sec im Biwak-Zelt für 2 Personen mit Blick auf die Mosel!" />
<meta name="robots" content="index, follow, max-snippet:-1, max-image-preview:large, max-video-preview:-1" />
<link rel="canonical" href="https://www.campingvilleylesec.fr/de/location/bivouac-zelt/" />
<meta property="og:locale" content="de_DE" />
<meta property="og:type" content="article" />
<meta property="og:title" content="Bivouac-Zelt - Camping de Villey-le-Sec" />
<meta property="og:description" content="Übernachten Sie inmitten der Natur auf dem Campingplatz Villey-le-Sec im Biwak-Zelt für 2 Personen mit Blick auf die Mosel!" />
<meta property="og:url" content="https://www.campingvilleylesec.fr/de/location/bivouac-zelt/" />
<meta property="og:site_name" content="Camping de Villey-le-Sec" />
<meta property="article:publisher" content="https://www.facebook.com/campingVilleyleSec54" />
<meta property="article:modified_time" content="2025-06-05T17:18:59+00:00" />
<meta property="og:image" content="https://www.campingvilleylesec.fr/wp-content/uploads/2024/10/tente-bivouac-villey.jpg" />
	<meta property="og:image:width" content="683" />
	<meta property="og:image:height" content="1024" />
	<meta property="og:image:type" content="image/jpeg" />
<meta name="twitter:card" content="summary_large_image" />
<script type="application/ld+json" class="yoast-schema-graph">{"@context":"https://schema.org","@graph":[{"@type":"WebPage","@id":"https://www.campingvilleylesec.fr/de/location/bivouac-zelt/","url":"https://www.campingvilleylesec.fr/de/location/bivouac-zelt/","name":"Bivouac-Zelt - Camping de Villey-le-Sec","isPartOf":{"@id":"https://www.campingvilleylesec.fr/de/#website"},"primaryImageOfPage":{"@id":"https://www.campingvilleylesec.fr/de/location/bivouac-zelt/#primaryimage"},"image":{"@id":"https://www.campingvilleylesec.fr/de/location/bivouac-zelt/#primaryimage"},"thumbnailUrl":"https://www.campingvilleylesec.fr/wp-content/uploads/2024/10/tente-bivouac-villey.jpg","datePublished":"2024-10-17T13:47:40+00:00","dateModified":"2025-06-05T17:18:59+00:00","description":"Übernachten Sie inmitten der Natur auf dem Campingplatz Villey-le-Sec im Biwak-Zelt für 2 Personen mit Blick auf die Mosel!","breadcrumb":{"@id":"https://www.campingvilleylesec.fr/de/location/bivouac-zelt/#breadcrumb"},"inLanguage":"de","potentialAction":[{"@type":"ReadAction","target":["https://www.campingvilleylesec.fr/de/location/bivouac-zelt/"]}]},{"@type":"ImageObject","inLanguage":"de","@id":"https://www.campingvilleylesec.fr/de/location/bivouac-zelt/#primaryimage","url":"https://www.campingvilleylesec.fr/wp-content/uploads/2024/10/tente-bivouac-villey.jpg","contentUrl":"https://www.campingvilleylesec.fr/wp-content/uploads/2024/10/tente-bivouac-villey.jpg","width":683,"height":1024,"caption":"zelt bivouac auf dem Campingplatz villey-le-sec"},{"@type":"BreadcrumbList","@id":"https://www.campingvilleylesec.fr/de/location/bivouac-zelt/#breadcrumb","itemListElement":[{"@type":"ListItem","position":1,"name":"Accueil","item":"https://www.campingvilleylesec.fr/de/campingplatz-de-villey-le-sec/"},{"@type":"ListItem","position":2,"name":"Bivouac-Zelt"}]},{"@type":"WebSite","@id":"https://www.campingvilleylesec.fr/de/#website","url":"https://www.campingvilleylesec.fr/de/","name":"Camping de Villey-le-Sec","description":"","publisher":{"@id":"https://www.campingvilleylesec.fr/de/#organization"},"potentialAction":[{"@type":"SearchAction","target":{"@type":"EntryPoint","urlTemplate":"https://www.campingvilleylesec.fr/de/?s={search_term_string}"},"query-input":{"@type":"PropertyValueSpecification","valueRequired":true,"valueName":"search_term_string"}}],"inLanguage":"de"},{"@type":"Organization","@id":"https://www.campingvilleylesec.fr/de/#organization","name":"Camping de Villey-le-Sec","url":"https://www.campingvilleylesec.fr/de/","logo":{"@type":"ImageObject","inLanguage":"de","@id":"https://www.campingvilleylesec.fr/de/#/schema/logo/image/","url":"https://www.campingvilleylesec.fr/wp-content/uploads/2024/12/cropped-camping-villey-le-sec-logo-CMJN-1.png","contentUrl":"https://www.campingvilleylesec.fr/wp-content/uploads/2024/12/cropped-camping-villey-le-sec-logo-CMJN-1.png","width":900,"height":382,"caption":"Camping de Villey-le-Sec"},"image":{"@id":"https://www.campingvilleylesec.fr/de/#/schema/logo/image/"},"sameAs":["https://www.facebook.com/campingVilleyleSec54","https://www.instagram.com/campingvilleylesec/"]}]}</script>
<!-- / Yoast SEO plugin. -->

Übernachten Sie inmitten der Natur auf dem Campingplatz Villey-le-Sec im Biwak-Zelt für 2 Personen mit Blick auf die Mosel!
